 3. Calculate the remainder when 42 is divided by u.
10
Let j be 3*(364/6 + 4). Let g = j - 52. What is the remainder when g is divided by 29?
26
Let j(d) = -d**3 + 12*d**2 - 11*d + 4. Suppose -4*v + 3*v = -5. Calculate the remainder when v is divided by j(11).
1
Calculate the remainder when 544 is divided by ((-105)/(-12))/((-105)/(-168)).
12
Suppose 0 = 51*m - 46*m + 4*n - 123, -3*m = 4*n - 69. What is the remainder when 106 is divided by m?
25
Let l = 24 + -15. Let z(y) = -2*y + 5. Suppose -4*w + 3*a - 17 = 0, a = 2*w - 4*a + 5. Calculate the remainder when z(w) is divided by l.
6
Let k(z) = 2*z**3 - 16*z**2 - z + 32. Let b = 209 - 139. What is the remainder when b is divided by k(8)?
22
Let c = 20 + -3. Suppose 118 = 2*z - 2*n, -3*z = z + 3*n - 257. Let p = 111 - z. Calculate the remainder when p is divided by c.
15
Let s(q) = 6*q + 93. What is the remainder when 240 is divided by s(-5)?
51
Let f(j) = -6*j**2 + j - 4. Let r be f(3). Let g = 148 + r. What is the remainder when g is divided by 24?
21
Let n = -2 - 1. Calculate the remainder when (-5)/(-10) - 35/(-2) is divided by (-2 - -22)*n/(-6).
8
Let b = -1043 + 1090. Calculate the remainder when 321 is divided by b.
39
Let b = 29 - 18. Suppose f = -c + 10, 3*f - b + 5 = 0. Calculate the remainder when 25 is divided by (26/c)/(7/28).
12
Let c = 122 - -19. Suppose -c - 183 = -3*n. Calculate the remainder when n is divided by 37.
34
Let v be 3/2*(-4)/(-3). Suppose l = v*w - 140, 0*l - 332 = -5*w - 2*l. What is the remainder when w is divided by 14?
12
Suppose 18*v + v = 285. What is the remainder when 523 is divided by v?
13
Let d be 1 - 18/14 - 6/(-21). Let g be ((-8)/(-16))/((-1)/(-6)). Suppose 0 = -n - g, d = 3*j + n - 6*n - 276. Calculate the remainder when j is divided by 22.
21
Let z(s) = -s**2 - 19*s - 2. Let v be z(-19). Let w(m) = m**2 - 2*m - 3. What is the remainder when 3 - 66/3*v is divided by w(5)?
11
Suppose 0 = c - 6*c - 5, 3*m = 2*c + 191. Suppose 0*b - k + m = -b, 2*b + 3*k = -126. Let r = b + 119. Calculate the remainder when r is divided by 19.
18
Let p(m) = -4*m - 29. Let r(d) = -d**3 - 6*d**2 + d + 9. Calculate the remainder when p(-8) is divided by r(-6).
0
Suppose 0 = -l + 2*l - 16. Suppose -3*v + 123 + 15 = 0. What is the remainder when v is divided by l?
14
Suppose -6*x = -x - 25. What is the remainder when 9 is divided by x?
4
Suppose 6620*q = 6613*q + 3346. What is the remainder when q is divided by 6?
4
Let y(d) = -9*d**2 - 102*d + 14. What is the remainder when 131 is divided by y(-11)?
37
Let z(a) = 3*a + 22. Let n be z(-8). Let x(g) = g**2 - 4*g - 5. What is the remainder when (26 + 0)*(-2)/(-4) is divided by x(n)?
6
Let r be (35/(-28))/((-2)/8). Suppose -r*m = -6 + 26, 12 = 5*s + 2*m. Suppose s*t + 43 = 303. What is the remainder when t is divided by 17?
14
Let s(d) = d**3 + 2*d**2 - 3*d + 1. Let q = -5 - -2. Let g be s(q). What is the remainder when 4 is divided by (-1)/g - (2 - 5)?
0
Let s = 12 - 10. Let z be 5/2 - (-2)/4. Suppose z*y - 15 = -2*y. What is the remainder when y is divided by s?
1
Suppose -5*d = 4*f - 8, 4*f + 5*d = 2*f + 4. Suppose k + f = 14. What is the remainder when k is divided by 8?
4
Suppose 1 = 2*d - 3. Suppose 4*t - 36 = 3*m, t - 4*m = -d*m + 14. Suppose 6*y + 5*w = 2*y + 12, 3*y = -w + 9. What is the remainder when t is divided by y?
0
Let c(v) = 7*v + 9. Let t(x) = x**2 - 8*x - 9. Let g be t(7). What is the remainder when (-28)/g*4*5 is divided by c(0)?
8
Let w(o) = -o**3 - 10*o**2 + 7*o - 12. Let k = -13 - -2. Calculate the remainder when 93 is divided by w(k).
29
Let c = 148 - 1. Suppose -2*p - 5*p + c = 0. Suppose -3*r + 32 = r. Calculate the remainder when p is divided by r.
5
Suppose 2*f - 12 = 2. Suppose f*l = 9*l - 24. What is the remainder when 22 is divided by l?
10
Suppose -62*f + 370 = -25*f. Calculate the remainder when 47 is divided by f.
7
Suppose -5*h + 5 = -7*i + 2*i, 0 = 5*h - i - 9. Suppose -h*v = 11 - 33. Calculate the remainder when -2*15/6*-4 is divided by v.
9
Let j(p) = 2*p + 64. Let t be j(4). Let h = -40 + t. Calculate the remainder when 125 is divided by h.
29
Let l(o) be the second derivative of -o**6/60 + o**4/12 + 4*o. Let i(w) be the third derivative of l(w). What is the remainder when i(-2) is divided by 13?
11
Let a(g) = 28*g**2 + g. Suppose -51*s + 1566 = 3*s. Calculate the remainder when a(2) is divided by s.
27
Let h(w) = w - 1. Let u be (13/26)/(2/44). Let z be h(u). Suppose -a = z - 33. Calculate the remainder when a is divided by 8.
7
Suppose 3*a + 2*i - 17 - 4 = 0, -2*i + 26 = 4*a. Suppose 13 = -2*z + a. What is the remainder when 17 is divided by z/(-8) + (-9)/(-2)?
2
Suppose -3*l = -25 - 29. Let c = l + -9. Let q = 25 + -1. Calculate the remainder when q is divided by c.
6
Calculate the remainder when 255 is divided by (290/20 - 10)/((-3)/(-44)).
57
Let b(d) be the first derivative of -3*d**2/2 - 4*d + 5. Let v(g) = -g + 1. Let j(h) = -b(h) - v(h). What is the remainder when j(6) is divided by 10?
7
Let d = 101 + -55. Suppose 9*o - 18 = 4*o - f, -5*o + f = -12. Suppose 36 = o*j - h - 4*h, 4*j + h - 48 = 0. Calculate the remainder when d is divided by j.
10
Let u = 7363 - 13549. Let z = -9252 - u. Calculate the remainder when z/(-182) - 2/(-13) is divided by 5.
2
Suppose 0 = -2*w + 5*s + 5, s = -w + 4 + 16. Suppose 6*k - 110 - 238 = 0. Calculate the remainder when k is divided by w.
13
Suppose -198 = 7*m - 29*m. Calculate the remainder when 50 is divided by m.
5
Suppose -13*a - 4*a = -1853. Calculate the remainder when a is divided by 27.
1
Let i = 18 - 6. Suppose -3*h + 3 + 9 = 0. What is the remainder when ((-3)/((-45)/(-12)))/(h/(-230)) is divided by i?
10
Let m be ((-5)/(-1) - 2) + 71. Let t be -6*2*(-26)/(-8). Let b = t + m. What is the remainder when b is divided by 9?
8
Suppose -18*w - 728 = -2150. Calculate the remainder when w is divided by (-214)/(-8) + 2/8.
25
Let d(x) = -36*x - 44. What is the remainder when d(-5) is divided by 42?
10
Let g be -4 - -3*10/15. Calculate the remainder when 79 is divided by g/(-1*3/30).
19
Let c(d) be the first derivative of -3*d + 5/3*d**3 + 1/4*d**4 - 9 - 2*d**2. Calculate the remainder when c(-3) is divided by 7.
6
What is the remainder when 95 is divided by (-1*1)/((-5)/(-20))*-4?
15
Suppose 368*m + 348 = 380*m. What is the remainder when ((-85)/3)/(1/(-3)) is divided by m?
27
Suppose -7*z = 6*z - 39. What is the remainder when 89 is divided by z?
2
Let t(v) = v**3 - 22*v**2 + 13*v - 36. Calculate the remainder when t(22) is divided by 12.
10
Suppose 2*b - 4*v + 58 = 5*b, 76 = 4*b + 4*v. Calculate the remainder when 103 is divided by b.
13
Suppose 3*s + 5*i = 2*s + 54, -2*s + 4*i = -94. Suppose 11*n = -7*n + 234. Calculate the remainder when s is divided by n.
10
Let n = -637 + 640. Suppose -u - w = -1, 5*w + 27 = 5*u - 18. What is the remainder when u is divided by n?
2
Let j be 6/4*(-6)/(3/3). Suppose 0*n + n = 56. What is the remainder when n is divided by (-70)/(-4) - 1*j/6?
18
Let n = 67 + -70. Calculate the remainder when 1*n/((-6)/188) is divided by 24.
22
Suppose -3*m + 395 = 2*m. Suppose 0 = -17*l + 14*l + 15. What is the remainder when m is divided by (36/2)/(10/75*l)?
25
Suppose 0 = -4*m + 3*p + 13, 0 = 2*m - 4*p - 4. Suppose -4*o + x + 4*x = -195, -4*o + m*x + 192 = 0. What is the remainder when o is divided by 12?
9
Suppose 0*x = 2*p + 2*x - 158, -5*p = 4*x - 393. Calculate the remainder when p is divided by 28.
21
Suppose 3*a - 3 = 6. What is the remainder when (2 - (-38)/(-8))*-4 is divided by (-14)/(4*a/(-6))?
4
Suppose 32*u + 1524 = 44*u. What is the remainder when u is divided by 82?
45
Suppose -m = 3*f - 13, 5*f - 2 = -m + 5. Suppose -5*v - 4*c - c = -225, 5*v - 209 = -c. Let l = v - -45. What is the remainder when l is divided by m?
20
Let z(d) = 32*d - 70. Calculate the remainder when 284 is divided by z(3).
24
Suppose -459 = -2*k - 7*k. What is the remainder when k is divided by 18?
15
Let g(v) be the second derivative of -v**3/6 + 16*v**2 - 20*v. Calculate the remainder when 35 is divided by g(13).
16
Let p(d) = 6*d**2 - d + 1. Let k be p(1). Suppose 0 = -3*q - 2*w - k - 5, 3*q + 15 = -3*w. Calculate the remainder when 54 is divided by (-18)/(-3 + 1) + q.
6
Let d(k) = 48*k - 4. Suppose 2*a - 12 = 2*b, -9 = -6*a + 2*a +